emainder when 5929 is divided by 2951?
27
Calculate the remainder when 5620 is divided by 115.
100
What is the remainder when 692 is divided by 45?
17
What is the remainder when 14039 is divided by 501?
11
What is the remainder when 10084 is divided by 198?
184
Calculate the remainder when 1180 is divided by 337.
169
Calculate the remainder when 307000 is divided by 102332.
4
Calculate the remainder when 2310 is divided by 647.
369
Calculate the remainder when 3469 is divided by 111.
28
Calculate the remainder when 4557 is divided by 636.
105
What is the remainder when 125998 is divided by 21?
19
Calculate the remainder when 8477923 is divided by 26.
25
Calculate the remainder when 631019 is divided by 260.
259
Calculate the remainder when 23477 is divided by 711.
14
What is the remainder when 9885 is divided by 2470?
5
Calculate the remainder when 509 is divided by 31.
13
Calculate the remainder when 1946 is divided by 415.
286
Calculate the remainder when 132133 is divided by 6006.
1
Calculate the remainder when 72483 is divided by 18120.
3
Calculate the remainder when 1665908 is divided by 610.
608
Calculate the remainder when 53589 is divided by 216.
21
Calculate the remainder when 4562975 is divided by 1788.
1787
Calculate the remainder when 4429 is divided by 444.
433
What is the remainder when 5198 is divided by 21?
11
Calculate the remainder when 5926 is divided by 291.
106
Calculate the remainder when 5089 is divided by 8.
1
Calculate the remainder when 9234 is divided by 221.
173
What is the remainder when 838 is divided by 354?
130
What is the remainder when 2501 is divided by 272?
53
Calculate the remainder when 13906 is divided by 3021.
1822
What is the remainder when 96076 is divided by 134?
132
What is the remainder when 32715 is divided by 16203?
309
Calculate the remainder when 1718 is divided by 188.
26
What is the remainder when 1783185 is divided by 104?
1
What is the remainder when 9570 is divided by 9526?
44
What is the remainder when 63283 is divided by 184?
171
Calculate the remainder when 17881 is divided by 1006.
779
Calculate the remainder when 135022 is divided by 8437.
30
What is the remainder when 52 is divided by 1?
0
Calculate the remainder when 1989 is divided by 498.
495
What is the remainder when 1622 is divided by 699?
224
Calculate the remainder when 207027 is divided by 1005.
1002
What is the remainder when 1937 is divided by 345?
212
What is the remainder when 27547 is divided by 1195?
62
What is the remainder when 79052 is divided by 879?
821
Calculate the remainder when 3280 is divided by 3233.
47
Calculate the remainder when 12360 is divided by 6170.
20
Calculate the remainder when 348963 is divided by 103.
102
What is the remainder when 2738 is divided by 196?
190
Calculate the remainder when 6474 is divided by 272.
218
What is the remainder when 1160 is divided by 271?
76
What is the remainder when 668 is divided by 81?
20
What is the remainder when 102897 is divided by 140?
137
Calculate the remainder when 104715 is divided by 126.
9
Calculate the remainder when 70577 is divided by 66.
23
What is the remainder when 104500 is divided by 104489?
11
What is the remainder when 9456 is divided by 2697?
1365
What is the remainder when 4353 is divided by 2021?
311
What is the remainder when 3163 is divided by 193?
75
What is the remainder when 3385 is divided by 15?
10
Calculate the remainder when 13053 is divided by 7.
5
Calculate the remainder when 1635845 is divided by 309.
308
Calculate the remainder when 58617 is divided by 130.
117
Calculate the remainder when 141850 is divided by 47256.
82
What is the remainder when 1833 is divided by 18?
15
Calculate the remainder when 5057 is divided by 281.
280
Calculate the remainder when 331511 is divided by 9.
5
Calculate the remainder when 1698920 is divided by 32.
8
Calculate the remainder when 708190 is divided by 72.
70
What is the remainder when 24123 is divided by 37?
36
Calculate the remainder when 1278221 is divided by 28.
21
Calculate the remainder when 1951 is divided by 129.
16
Calculate the remainder when 4156 is divided by 149.
133
What is the remainder when 1157539 is divided by 385845?
4
What is the remainder when 105117 is divided by 35038?
3
What is the remainder when 292 is divided by 134?
24
Calculate the remainder when 12059 is divided by 1710.
89
What is the remainder when 38972 is divided by 64?
60
Calculate the remainder when 179022 is divided by 47.
46
Calculate the remainder when 2799 is divided by 1138.
523
What is the remainder when 16031 is divided by 5338?
17
Calculate the remainder when 2359 is divided by 96.
55
What is the remainder when 7294 is divided by 82?
78
Calculate the remainder when 403670 is divided by 25.
20
Calculate the remainder when 53930 is divided by 5989.
29
Calculate the remainder when 769 is divided by 747.
22
Calculate the remainder when 46945 is divided by 194.
191
What is the remainder when 19008 is divided by 4655?
388
Calculate the remainder when 1479526 is divided by 174.
4
Calculate the remainder when 1981 is divided by 200.
181
What is the remainder when 12616 is divided by 12613?
3
Calculate the remainder when 12881 is divided by 329.
50
Calculate the remainder when 10114 is divided by 1668.
106
What is the remainder when 7857 is divided by 413?
10
Calculate the remainder when 1024936 is divided by 63.
52
What is the remainder when 3606 is divided by 14?
8
What is the remainder when 734 is divided by 46?
44
What is the remainder when 672047 is divided by 7?
5
What is the remainder when 36101 is divided by 132?
65
Calculate the remainder when 683 is divided by 133.
18
Calculate the remainder when 74197 is divided by 18541.
33
Calculate the remainder when 21319 is divided by 3045.
4
What is the remainder when 3077915 is divided by 16?
11
What is the remainder when 121795 is divided by 11072?
3
Calculate the remainder when 2493564 is divided by 56.
52
Calculate the remainder when 19316 is divided by 3214.
32
Calculate the remainder when 8646 is divided by 417.
306
Calculate the remainder when 11698 is divided by 2336.
18
Calculate the remainder when 1092134 is divided by 1076.
1070
Calculate the remainder when 1131 is divided by 597.
534
What is the remainder when 6779 is divided by 453?
437
What is the remainder when 2039 is divided by 305?
209
Calculate the remainder when 1481400 is divided by 251.
249
Calculate the remainder when 100271 is divided by 12.
11
What is the remainder when 1232 is divided by 361?
149
Calculate the remainder when 41001 is divided by 75.
51
Calculate the remainder when 85507 is divided by 21374.
11
What is the remainder when 699325 is divided by 41136?
13
What is the remainder when 2386 is divided by 1192?
2
Calculate the remainder when 2556 is divided by 630.
36
What is the remainder when 676717 is divided by 176?
173
What is the remainder when 33644 is divided by 8394?
68
What is the remainder when 5694 is divided by 220?
194
Calculate the remainder when 19117 is divided by 51.
43
What is the remainder when 1168 is divided by 30?
28
What is the remainder when 13821 is divided by 4596?
33
What is the remainder when 15920 is divided by 141?
128
Calculate the remainder when 250522 is divided by 347.
335
What is the remainder when 15782 is divided by 272?
6
Calculate the remainder when 153266 is divided by 51076.
38
What is the remainder when 116006 is divided by 195?
176
Calculate the remainder when 695888 is divided by 106.
104
What is the remainder when 1021 is divided by 1020?
1
Calculate the remainder when 3752 is divided by 470.
462
What is the remainder when 423352 is divided by 33?
28
Calculate the remainder when 35621 is divided by 17767.
87
What is the remainder when 6955 is divided by 6892?
63
What is the remainder when 41158 is divided by 259?
236
Calculate the remainder when 99494 is divided by 21.
17
Calculate the remainder when 1262 is divided by 4.
2
What is the remainder when 359932 is divided by 179964?
4
What is the remainder when 163300 is divided by 73?
72
What is the remainder when 9776 is divided by 700?
676
Calculate the remainder when 245229 is divided by 1071.
1041
Calculate the remainder when 150290 is divided by 15028.
10
What is the remainder w